hat is the value of -153 + 110 - (4 + -2 - 26)?
-19
What is the value of 18 + -19 + (21 - -3 - -14)?
37
What is the value of (-16 - (-2 - 19)) + -6 - -26?
25
What is (38 - (6 + -5 + 0) - 0) + 20?
57
What is the value of 2 + -3 - (527 - 532)?
4
Calculate 24 - ((216 + -203 - (4 + -1)) + -15).
29
What is -40 - (0 + 0 + (62 + -27 - 26))?
-49
Evaluate 0 + 0 - -115 - (147 + -115 - (3 - -33)).
119
What is -4514 + 4377 + (123 - 3)?
-17
What is (-11 - -2) + (-19 + 39 - 9) + -45 + -3?
-46
Evaluate 1 + (25 - 53) + 45.
18
What is 0 + -40 - (-7806 + 7857)?
-91
Calculate 73 + (-28 - 56) + -34.
-45
Calculate (14 - 4) + (19 - (-16 + 2)).
43
Evaluate 81 + (88 - (43 + 165)).
-39
Calculate 11 + -25 + 2 + 11 + 3 + 49 + 3.
54
Calculate -9 + 10 + -18 + -26 - -5.
-38
Evaluate 319 - 297 - (-4 - (3 - -9)).
38
Evaluate 239 - 236 - (1 + 4 - 20).
18
Calculate -1 - 40 - -52 - (-28 + 2 - (0 + 0)).
37
-12 + 2 + -123 + -9 + (1 - (-24 + 12))
-129
What is the value of -17 + 9 + 17 - (107 - 49)?
-49
Calculate (-11 - 42) + -10 + (1 - 8) + 2.
-68
Calculate (-3 - -17 - -5) + (-16 - ((0 - 6) + 6)).
3
Evaluate 27 - 12 - (-84 - (-27 + -6)).
66
-3 + 3 + 0 + -2 + (-14 - 2 - -12)
-6
What is 10 + -3 + 21 + 2 + -36 + -94?
-100
What is the value of -78 + (17 - (-22 - -55) - (1 - -2))?
-97
Evaluate 10 + (-24 - -10) + 36 + -21 + 3.
14
Calculate (-32 - 22) + (-92 - -150).
4
What is -8 - ((399 - 404) + (-10 - 0))?
7
Evaluate -14 - (-64 + 32) - (0 - 4).
22
Evaluate -21 + (-18 - (-213 - -119)).
55
3 + -6 + 2 + -20 + 21 + 6 - 80
-74
-149 + 150 + -98 + 111
14
What is the value of -2 + -19 + 342 + -379 + -1 + (-1 - 2)?
-62
What is -40 - -29 - (-27 + 27)?
-11
-200 + (-61 - -76) + 133
-52
What is the value of (9608 - 9581) + (1 - (0 + -75))?
103
What is -21 - (8 + -5 + 7 - 25)?
-6
What is 2 + -5 + (6 - (-1 + -1)) + 20 + 7?
32
(101 - 42) + -50 - -68
77
What is the value of -105 + 52 + -37 + 9?
-81
What is the value of 5 + (-28 - (-41 + 51))?
-33
What is the value of 4 + (11 - (4 + -11)) + (-26 - 120)?
-124
What is the value of 55 + -10 + 4 - (-84 + 94)?
39
Calculate 2 + 84 + (4001 - 4132).
-45
6 - (-85 + 73 - 6)
24
What is -15 + (-11 + 19 - 5) + 16?
4
What is the value of -2 - (-3 + 7 + (5 - 12 - -2) + 1)?
-2
What is 73 - (17 + (-177 - -166) + (2 - -8))?
57
What is the value of (-5 - -14 - 31 - -3) + 87?
68
What is -48 + (145 - 138 - (-2 - (2 + -5)))?
-42
What is 0 + -4 + 46 + -59 - 15?
-32
Evaluate 289 - 333 - (-6 - (0 + -4)).
-42
What is the value of -5 - (-62 + 122 + -19)?
-46
What is -20 + 6 + (2 - -4) + (8 - 3) + -25?
-28
(-173 - -177) + 1 + -8 - (15 + 0 + -5)
-13
Evaluate -60 + 223 + -264 + 69 + -2.
-34
Evaluate 8 + (-38 - -57) + -58.
-31
Calculate 59 - (-41 - (-74 + 35)).
61
Evaluate -9 + (1 - (-4 - 5) - (-32 - (-12 + -13))).
8
What is -55 - 15 - (-13 - (20 - (27 + -12)))?
-52
Evaluate -25 + (-22 - -9) + 1 + 2 + (-21 - -27).
-29
Calculate -41 + (-4 + (13 - 9 - -3) - -8).
-30
Evaluate (3 + -4 + (2 - 10) - -12) + -71.
-68
Evaluate -6 + (5 + -8 - -2) - ((-13 - -38) + -15).
-17
Calculate -75 + 82 + -65 + (1 - -25).
-32
Calculate (-24 - -87) + -11 + (-18 - -1).
35
Calculate 8 + 0 + 90 + (-56 - 67) + (31 - 0).
6
Evaluate 26 + 39 + -76 - 4.
-15
Calculate -6 + ((-1 - 23) + (10 - -2) - -2).
-16
What is the value of 42 + (3 - 3) - ((-41 - -63 - 24) + -5)?
49
What is 23 + (-14 - -2 - (365 - 388))?
34
(-2028 - -2022) + 3 + (-1 - (28 + -1))
-31
What is (3 - -3) + -867 + 807?
-54
What is -3 + 0 - (-1 + 5) - (2294 + -2277)?
-24
Calculate 9 + -26 + -471 + 553.
65
Calculate 8 + -27 - (-11 - 0) - (3 + 25).
-36
Calculate (-1 - 7) + 1 + -3 - (-464 - -347 - -165).
-58
What is 5 + 9 - (-28 + 12 + -11 + -2)?
43
What is (-12657 - -12685) + -96 + 2?
-66
What is -9 + 45 - 12 - (7 - -39)?
-22
What is -19 - 12 - 18 - -121?
72
Calculate -12 + -61 + 16 - ((2 - -5) + 1).
-65
What is (-22 - -32) + 10 - (-25 + -47)?
92
16 - ((-27 - (-1 + 17 + -29)) + 6)
24
What is the value of -143 + 146 - (0 + -41) - (9 - 20)?
55
Calculate (-1 + 5 - 0) + -65 + (50 - 5) + 54.
38
What is the value of (-1013 - -977) + (-1 + -2 - -4) + -5 + -3?
-43
Evaluate -3 + 8 + -11 + (-20 - -11).
-15
0 + (-27 - 4) - (1965 + -1929)
-67
Calculate (-11 - (-32 + -29) - 54) + 8.
4
39 + 40 + -37 + (3 - 3)
42
Calculate 6 + (28 - ((-11 - -98) + -7)).
-46
Calculate (-1 - 3) + 5 + 0 + 1 + 0 + -17.
-15
Evaluate (5 + 0 - (27 - 4)) + -13 + -3.
-34
What is 5 - (21 + 8 + (-4 - (3 - 4)) + -9)?
-12
Calculate 2 - 4 - -49 - (-1842 - -1852).
37
Evaluate -3 + (228 - 227) + (-14 - -2) + (-2 - -11).
-5
What is the value of -6 - (0 + -53 - (0 - 2) - (-1 + 2))?
46
43 - (2 - -31) - (0 + -1 + 40)
-29
-86 + (59 - 75) + 1
-101
(2 - 8) + 12 + (2 + 12 - 3)
17
What is (-9 - 1 - (-404 - -414)) + 28?
8
Calculate (-9 - (-8 + 9) - -13) + 24.
27
What is 0 - -15 - (87 + (161 - 340))?
107
Evaluate 2 + (11 + 5 - 1) + -69 + -16.
-68
Calculate 0 + (18 - (36 + -1) - 1) + -94.
-112
What is the value of -6 + (-11 - 1) + -4 + -54 + -4?
-80
-299 + 359 + (-124 - -1)
-63
What is (-20 - -25 - -13 - 83) + (1 - 3)?
-67
Evaluate (285 - 302) + (1 - 3 - 14).
-33
Evaluate -10 - (84 + (15 - 133)).
24
Calculate -1 - (0 + -8 + (168 - 152)) - -26.
17
Calculate (179 - 250) + 38 + -46.
-79
What is (-66 - -25) + 34 + (-3 - 23)?
-33
0 + 3 - (-110 + (4 - (-19 + -3 + 3)))
90
Evaluate 3405 + -3390 + (2 - 4 - (1 + -24)).
36
What is the value of 0 - (1 + 3) - (44 - -31 - 65)?
-14
Calculate 2 + -55 + 18 + (4 - ((1 - 4) + 5)).
-33
Calculate (-90 - -50) + -170 + 107.
-103
What is the value of ((0 - -1) + -4 - -19) + (-162 - -89)?
-57
What is 13 + (-35 - -12 - -26) + 15?
31
What is the value of -15 + 17 - (-5 - (-4 - -4 - (-5 + 8)))?
4
What is 9 - (7 - ((-46 - 2) + 40 + -15 + -19))?
-40
-101 + 69 + (13 - 22)
-41
Calculate 93 + -2 - (44 - -14 - 61).
94
What is the value of 5 - 12 - (-46 + 15) - -6?
30
What is the value of -1 - (-1 + 10) - (101 - 176 - -1)?
64
Evaluate (-41 + 15 + -9 - -10 - 15) + (-11 - 2).
-53
What is 43 + (-109 - -104) + -3 + -2 + 2?
35
(-5 - -15) + (-48 - (-15 + -1))
-22
Calculate -104 + -38 + (7 - (-17 + (32 - 16))).
-134
Evaluate (-46 - ((-173 - -61) + 75)) + -5 + (0 - 1).
-15
Calculate -2 + -45 + 423 + -427 + (-12 - 0).
-63
Calculate 1 + -4 + 0 + -10 + (-8 - -49).
28
What is 15 + (-3 - (-6 - -25)) - (4 + (-4 - -1))?
-8
What is 3 + 10 + (12 - 20) + 13?
18
Calculate 6 + -3 - (-56 + -2) - (-11 + 6 + 16).
50
What is the value of 2 + -69 + -1 + (-5942 - -5953)?
-57
What is the value of 3 - -19 - (-10 + 19 - -32)?
-19
What is the value of 45 + (14 - -2) + -10 + -14 + 1 + 9?
47
What is the value of (4 - (5 + -4)) + -507 + 515?
11
-4861 - -4885 - (30 - -2)
-8
What is the value of 27 + -11 - 11 - -6 - (-1 + 9)?
3
What is -14 - (105 + -31) - (10 - 6 - (6 - -13))?
-73
What is 9 + (-63 - (-2 + -21 - -20))?
-51
What is the value of (-23 + 23 - (3 - 1)) + 76?
74
What is 125 + -36 - 4 - 47?
38
What is the value of -1 - (-2 + -2) - -43 - (28 - (54 - 14))?
58
-54 + 90 + -59 - (-3 - 36) - (-2 + 129)
-111
What is the value of (-41 - -29 - -9 - -5) + 10?
12
Calculate -1 + 154 + -147 - (-1 + -1 + 68 + 1).
-61
4 + -28 + (29 - 36) + 0 + -7
-38
Calculate 36 - 109 - -38 - -35.
0
What is the value of 46 - 253 - -150 - (3 + (-2 - -2))?
-60
What is -82 + (30 - -1) - 7?
-58
Evaluate (-7 + 16 - (-4 + 7)) + 0 + (6 - -1).
13
What is -57 + (-37 - -20) - 21 - (2 - 0)?
-97
What is the value of -7 + -3 + 9 - (168 - 130)?
-39
Evaluate (-15 - 8) + 15 - (145 + -142).
-11
Calculate (-22 + 1 - 2 - (-4 - 6)) + 28.
15
Evaluate -41 - (2 - (-9 - (-7 + -11))).
-34
Calculate 167 + -203 - (-13 + 3 + 1).
-27
Calculate (1 - 0) + 31 + -14 + -16 + 22 + 17.
41
Calculate -18 - (17 + (-2 - (-31 - -19))).
-45
What is 0 - (-5 - 6) - (5 - 14 - 19)?
39
Calculate (-56 - -31) + 30 - (1 + 3 + -5 - 8).
14
What is (2 - (-12 - -2)) + -123 + 233 + -106?
16
What is the value of 74 - (-24 + (13 - -16))?
69
Calculate 8 + 74 + (8 - (6 + 2)) + 5.
87
Evaluate (16 - 3) + -86 + (7 - -54).
-12
What is -56 - (-988 + 998 - (-1 + 16))?
-51
(11 + -2 - 1) + 12 + -3 - 13
4
Calculate 91 - 4 - ((8 - (4 + -2)) + (-66 - -63)).
84
Calculate -13 + (8 - -5) - (0 + 5 - (0 - -13)).
8
Calculate 65 + -27 + (21 - 51).
8
What is the value of 7 + (-8 - -2) - (-6 - (13 + 22))?
42
Evaluate 32 + 0 - (321 + -313) - (-13 - -1).
36
What is (-23 - 1) + 10 + 15 + 48?
49
Calculate (65 - 3 - 17) + (140 - 9